{"id":78,"date":"2019-04-17T16:26:25","date_gmt":"2019-04-17T14:26:25","guid":{"rendered":"https:\/\/www.leagaviborso.com\/index.php\/mesmerize\/"},"modified":"2022-01-29T12:03:34","modified_gmt":"2022-01-29T11:03:34","slug":"mesmerize","status":"publish","type":"page","link":"https:\/\/www.leagaviborso.com\/","title":{"rendered":"Front Page"},"content":{"rendered":"<div  id=\"about-1\" style=\"background-color: #f5fafd;\" data-label=\"About\" data-id=\"about-images-right-section-mc\" data-export-id=\"about-images-right-section-mc\" data-category=\"about\" class=\"about-images-right-section-mc content-section content-section-spacing\">\r\n<div  class=\"gridContainer\"> <div  class=\"row middle-sm text-center\">\r\n<div  class=\"col-sm-5 content-left-sm\" data-type=\"column\">  <h2  class=\"\">Il B&amp;B<\/h2>\r\n<p  class=\"\">Il Bed and Breakfast Le Agavi \u00e8 un luogo immerso nel promontorio del Grappa, circondato da un immenso bosco verde e un panorama mozzafiato. La zona \u00e8 particolarmente ricercata dagli appassionati del volo. Sorge ai pendii del Monte Grappa a ridosso della postazione di lancio del parapendio. Un luogo panoramico dal quale si pu\u00f2 scorgere l\u2019orizzonte di Venezia e tutta la pianura padana. Una splendida piscina incastonata negli ulivi e circondata da agavi giganti. Un luogo particolarmente indicato per chi ama vivere momenti di confortevole relax. La zona \u00e8 caratterizzata da lunghi sentieri dove poter fare piacevoli passeggiate ed escursioni in mountan-bike, gustando prelibate colazioni dolci o salate a piacere con prodotti biologici locali. I vini autoctoni e l\u2019aria particolarmente soleggiata fanno da cornice a questo incantevole posto. A pochi chilometri si pu\u00f2 visitare la splendida citt\u00e0 di Bassano del Grappa, Asolo e Marostica.<\/p>  <a class=\"button color1\" href=\"#features-1\" target=\"_self\" data-cp-link=\"1\" rel=\"noopener noreferrer\">Prenota Ora<\/a>\r\n<\/div> <div  class=\"col-sm-7 space-bottom-xs\"><div  class=\"image-group-side-3-img\"> <img decoding=\"async\"  class=\"topimg shadow-large\" src=\"https:\/\/www.leagaviborso.com\/wp-content\/uploads\/2019\/04\/cropped-leagaviborso-6-1.jpg\" alt=\"\" title=\"cropped-leagaviborso-6-1.jpg\"><img decoding=\"async\"  class=\"rightimg shadow-large\" src=\"https:\/\/www.leagaviborso.com\/wp-content\/uploads\/2019\/04\/cropped-leagaviborso-5.jpg\" alt=\"\" title=\"cropped-leagaviborso-5.jpg\"><div  class=\"leftimg\"> <img decoding=\"async\"  class=\"shadow-large\" src=\"https:\/\/www.leagaviborso.com\/wp-content\/uploads\/2019\/04\/cropped-leagavicopertina-3.png\" alt=\"\" title=\"cropped-leagavicopertina-3.png\">\r\n<\/div> <\/div><\/div> <\/div>\r\n<\/div> <\/div><div  id=\"features-1\" style=\"background-color: #ffffff;\" data-label=\"Features\" data-id=\"features-16-card-bordered-mc\" data-export-id=\"features-16-card-bordered-mc\" data-category=\"features\" class=\"features-16-card-bordered-mc content-section content-section-spacing\">\r\n<div  class=\"gridContainer\"> <div  class=\"row text-center\">\r\n<div  class=\"section-title-col\" data-type=\"column\">  <h2  class=\"\">Camere<\/h2> <h6  class=\"\">E\u2019 possibile richiedere letti supplementari in fase di prenotazione<\/h6>\r\n<\/div> <\/div> <div  class=\"row spaced-cols content-center-sm center-sm\" data-type=\"row\"> <div  class=\"col-xs-12 col-sm-6 col-md-4\"> <div  class=\"card no-padding bordered y-move\"> <img decoding=\"async\"  class=\"face\" src=\"https:\/\/www.leagaviborso.com\/wp-content\/uploads\/2019\/04\/bebleagaviborso-2.jpg\" alt=\"\" title=\"bebleagaviborso (2)\"><div  data-type=\"column\" class=\"col-padding-small col-padding-small-xs description-container\"> <h4  class=\"font-500\">Bilocale<\/h4> <p  class=\"\">4 Posti Letto\r\n<br >Angolo Cucina\r\n<br >Bagno privato\r\n<\/p>\r\n<\/div> <div  data-type=\"column\" class=\"col-padding-small col-padding-small-xs read-more-container\"><a class=\"read-more\" href=\"https:\/\/www.leagaviborso.com\/index.php\/reservation\" target=\"_self\" data-cp-link=\"1\" rel=\"noopener noreferrer\">Maggiori informazioni<\/a><\/div> <\/div>\r\n<\/div>   <div  class=\"col-xs-12 col-sm-6 col-md-4\"> <div  class=\"card no-padding bordered y-move\"> <img decoding=\"async\"  class=\"face\" src=\"https:\/\/www.leagaviborso.com\/wp-content\/uploads\/2020\/06\/cropped-leagavi-7.jpg\" alt=\"\" title=\"cropped-leagavi-7.jpg\"><div  data-type=\"column\" class=\"col-padding-small col-padding-small-xs description-container\"> <h4  class=\"font-500\">Camera Matrimoniale<\/h4>\r\n<p  class=\"\">2 Posti Letto<br >Angolo Cucina\r\n<br >Bagno privato\r\n<\/p> \r\n<\/div> <div  data-type=\"column\" class=\"col-padding-small col-padding-small-xs read-more-container\"><a class=\"read-more\" href=\"https:\/\/www.leagaviborso.com\/index.php\/reservation-cm\" target=\"_self\" data-cp-link=\"1\" rel=\"noopener noreferrer\">Maggiori informazioni<\/a><\/div> <\/div>\r\n<\/div>\r\n<\/div>\r\n<\/div> <\/div><div  data-label=\"Features\" data-id=\"features--1\" data-export-id=\"features-12\" data-category=\"features\" class=\"features-12 content-section content-section-spacing \" id=\"features-2\" style=\"background-color: rgb(245, 250, 253); background-image: none;\">\r\n<div  class=\"gridContainer\"> <div  class=\"row text-center\">\r\n<div  class=\"section-title-col\" data-type=\"column\"> <h2  class=\"\">Servizi<\/h2> <\/div> <\/div> <div  class=\"row spaced-cols\" data-type=\"row\"> <div  class=\"col-sm-6\"> <div  class=\"row space-bottom\"> <div  class=\"col-sm-fit icon-column\"> <i  class=\"fa icon color2 fa-wifi bordered round\"><\/i> <\/div> <div  class=\"col-sm\" data-type=\"column\"> <h5  class=\"color2\">CONNESSIONE WIFI GRATUITA<\/h5> <\/div> <\/div>\r\n<\/div> <div  class=\"col-sm-6\"><div  class=\"row space-bottom\"> <div  class=\"col-sm-fit icon-column\"><i  class=\"fa icon color2 fa-thumbs-up bordered round\"><\/i><\/div> <div  class=\"col-sm\" data-type=\"column\">\r\n<h5  class=\"color2\">PISCINA<\/h5> <\/div> <\/div><\/div> <div  class=\"col-sm-6\"><div  class=\"row space-bottom\"> <div  class=\"col-sm-fit icon-column\"><a data-cp-link=\"1\" href=\"#\" target=\"_self\" rel=\"noopener noreferrer\"><i  class=\"fa icon color2 fa-map-marker bordered round\"><\/i><\/a><\/div> <div  class=\"col-sm\" data-type=\"column\">\r\n<h5  class=\"color2\">PARCHEGGIO GRATUITO IN STRUTTURA<\/h5> <\/div> <\/div><\/div> <div  class=\"col-sm-6\"><div  class=\"row space-bottom\"> <div  class=\"col-sm-fit icon-column\"><i  class=\"fa icon color2 fa-github bordered round\"><\/i><\/div> <div  class=\"col-sm\" data-type=\"column\">\r\n<h5  class=\"color2\">ANIMALI AMMESSI<\/h5> <\/div> <\/div><\/div> <\/div>\r\n<\/div> <\/div><div  data-label=\"Features\" data-id=\"features--2\" data-export-id=\"features-16\" data-category=\"features\" class=\"features-16 content-section content-section-spacing\" id=\"features-3\" style=\"background-color: rgb(255, 255, 255); background-image: none;\"><div  class=\"gridContainer\"> <div  class=\"row text-center\">\r\n<div  class=\"section-title-col\" data-type=\"column\"> <h2  class=\"\">Nei dintorni\u2026<\/h2> <p  class=\"lead\"><\/p>\r\n<\/div> <\/div> <div  class=\"row spaced-cols\" data-type=\"row\"> <div  class=\"col-xs-12 col-sm-6 col-md-4 space-bottom\"> <img decoding=\"async\"  class=\"face\" src=\"https:\/\/www.leagaviborso.com\/wp-content\/uploads\/2019\/04\/cropped-lgv_par_grappa-11.jpg\" alt=\"\" title=\"cropped-lgv_par_grappa-11.jpg\"><div  data-type=\"column\" class=\"col-padding-small col-padding-small-xs description-container\"> <h4  class=\"font-500\">Attivit\u00e0 sul Monte Grappa<\/h4> <p  class=\"\">In questa zona \u00e8 possibile patricare molti sport ad esempio: equitazione, volo libero, parapendio, deltaplano, alpinismo, nordic walking, canoa fluviale, corsa, vie ferrate ed arrampicata. Sono presenti inoltre delle ciclopiste e percorsi per Mountain Bike.<\/p> <\/div> <\/div> <div  class=\"col-xs-12 col-sm-6 col-md-4 space-bottom\"> <img decoding=\"async\"  class=\"face\" src=\"https:\/\/www.leagaviborso.com\/wp-content\/uploads\/2019\/04\/cropped-lgv_ponte_bassano-12.jpg\" alt=\"\" title=\"cropped-lgv_ponte_bassano-12.jpg\"><div  data-type=\"column\" class=\"col-padding-small col-padding-small-xs description-container\"> <h4  class=\"font-500\">Visite Culturali<\/h4> <p  class=\"\">L\u2019area Pedemontana \u00e8 costituita da piccoli gioielli come le citt\u00e0 di Asolo, Bassano del Grappa, Marostica e Cittadella. Inoltre Bassano del Grappa \u00e8 punto di partenza per visitare in giornata Venezia, Padova e Vicenza, comodamente raggiungibili in treno.<\/p> <\/div> <\/div> <div  class=\"col-xs-12 col-sm-6 col-md-4 space-bottom\"> <img decoding=\"async\"  class=\"face\" src=\"https:\/\/www.leagaviborso.com\/wp-content\/uploads\/2019\/04\/cropped-lgv_en_pd-1-16.jpg\" alt=\"\" title=\"cropped-lgv_en_pd-1-16.jpg\"><div  data-type=\"column\" class=\"col-padding-small col-padding-small-xs description-container\"> <h4  class=\"font-500\">Enogastronomia della Pedemontana<\/h4> <p  class=\"\">Questo territorio \u00e8 particolarmente ricco di offerte enogastronomiche come l\u2019Asparago Bianco DOP di Bassano, il Biso di Borso, il Radicchio Rosso di Treviso, la ciliegia IGP di Marostica e i formaggi delle malghe del Monte Grappa. E\u2019 inoltre possibile degustare il Prosecco di Valdobbiadene o la famosa grappa delle distillerie Poli e Nardini.<\/p> <\/div> <\/div>\r\n<\/div> <\/div><\/div><div  id=\"testimonials-1\" style=\"background-color: rgb(245, 250, 253); background-image: none;\" data-label=\"Testimonials\" data-id=\"testimonials-5-mc\" data-export-id=\"testimonials-5-mc\" data-category=\"testimonials\" class=\"testimonials-5-mc content-section content-section-spacing\"><div  class=\"gridContainer\"> <div  class=\"row\">\r\n<div  data-type=\"column\" class=\"section-title-col\">  <h2  class=\"\">Recensioni<\/h2> <\/div> <\/div> <div  class=\"row spaced-cols content-center-sm\" data-type=\"row\"> <div  class=\"col-sm-4\"> <div  class=\"card y-move bordered\" data-type=\"column\"> <i  class=\"fa fa-quote-right icon color1 small quotation-icon\"><\/i> <p  class=\"text-center\">Ein wundersch\u00f6ner Apartment, erh\u00f6ht auf einem Berg mit Panoramablick \u00fcber das Tal. Toller Pool (ideal um vor dem Fr\u00fchst\u00fcck ein paar Bahnen zu schwimmen). Eine moderne und sch\u00f6ne Einrichtung mit separater K\u00fcche und einem gro\u00dfz\u00fcgigen Bad a\u00dfen keinen Komfort vermissen. Mit einem t\u00e4glich wechselndes Fr\u00fchst\u00fcck mit frisch gemachten Smoothies und Produkten aus dem riesigen Garten wurden wir jeden Morgen verw\u00f6hnt.  Wir freuen uns auf den n\u00e4chsten Besuch. <\/p>  <h6  class=\"\">Michael<\/h6> <h6  class=\"\">Germania<\/h6>\r\n<\/div> <\/div> <div  class=\"col-sm-4\"> <div  class=\"card y-move bordered\" data-type=\"column\"> <i  class=\"fa fa-quote-right icon color1 small quotation-icon\"><\/i> <p  class=\"text-center\">\u041e\u0442\u043b\u0438\u0447\u043d\u043e \u043c\u0435\u0441\u0442\u0435\u0447\u043a\u043e. \u041e\u0447\u0435\u043d\u044c \u0433\u043e\u0441\u0442\u0435\u043f\u0440\u0438\u0438\u043c\u043d\u044b\u0435 \u0438 \u043f\u0440\u0438\u0432\u0435\u0442\u043b\u0438\u0432\u044b\u0435 \u0445\u043e\u0437\u044f\u0435\u0432\u0430, \u0447\u0443\u0434\u0435\u0441\u043d\u044b\u0439 \u0441\u0430\u0434, \u0443\u044e\u0442\u043d\u043e, \u0447\u0438\u0441\u0442\u043e, \u0432\u043a\u0443\u0441\u043d\u044b\u0439 \u0437\u0430\u0432\u0442\u0440\u0430\u043a. \u041a\u0440\u0430\u0441\u0438\u0432\u043e.\r\n<\/p>  <h6  class=\"\">Lily<\/h6> <h6  class=\"\">Federazione Russa<\/h6>\r\n<\/div> <\/div> <div  class=\"col-sm-4\"> <div  class=\"card y-move bordered\" data-type=\"column\"> <i  class=\"fa fa-quote-right icon color1 small quotation-icon\"><\/i> <p  class=\"text-center\">Bellissima struttura inserita in un suggestivo paesaggio pittorico. Ottima accoglienza, i proprietari con la loro gentilezza sono riusciti a farci sentire come a casa. Ottima anche la colazione, l\u2019appartamento e gli altri servizi offerti: la piscina gode di un panorama mozzafiato. Insomma tutto perfetto!!! Appena ci sar\u00e0 possibile torneremo certamente.\r\n<\/p>   <h4  class=\"\"><\/h4>\r\n<h6  class=\"\">Daniela<\/h6>\r\n<h6  class=\"\">Italia<\/h6>\r\n<\/div> <\/div>\r\n<\/div> <\/div><\/div><div  id=\"contact-1\" style=\"background-color: rgb(255, 255, 255); background-image: url(&quot;https:\/\/www.leagaviborso.com\/wp-content\/uploads\/2019\/04\/leagaviborso-4-Copia.jpg&quot;); background-size: cover; background-position: center top;\" data-label=\"Contact\" data-id=\"contact-1-mc\" data-export-id=\"contact-1-mc\" data-category=\"contact\" class=\"contact-1-mc content-section content-section-spacing white-text\" data-parallax-depth=\"20\"><div  class=\"gridContainer\"> <div  class=\"row text-center\">\r\n<div  class=\"section-title-col\" data-type=\"column\">  <h2  class=\"\">Contattaci<\/h2> <p  class=\"lead\">Chiama ora il B&amp;B LE AGAVI o compila il form sottostante per contattarci.<\/p>\r\n<\/div> <\/div> <div  class=\"row text-center\"> <div  class=\"col-xs-12 col-sm-8 col-sm-offset-2 contact-form-wrapper inline-info\"> <div  class=\"card large-padding\"> <div  class=\"\" data-content-shortcode=\"mesmerize_contact_form shortcode=&quot;contact-form-7 id=&amp;amp;quot;119&amp;amp;quot; title=&amp;amp;quot;CONTACT&amp;amp;quot;&quot;\" data-editable=\"true\">\n<div class=\"wpcf7 no-js\" id=\"wpcf7-f119-o1\" lang=\"it-IT\" dir=\"ltr\" data-wpcf7-id=\"119\">\n<div class=\"screen-reader-response\"><p role=\"status\" aria-live=\"polite\" aria-atomic=\"true\"><\/p> <ul><\/ul><\/div>\n<form action=\"\/index.php\/wp-json\/wp\/v2\/pages\/78#wpcf7-f119-o1\" method=\"post\" class=\"wpcf7-form init\" aria-label=\"Modulo di contatto\" novalidate=\"novalidate\" data-status=\"init\">\n<div style=\"display: none;\">\n<input type=\"hidden\" name=\"_wpcf7\" value=\"119\" \/>\n<input type=\"hidden\" name=\"_wpcf7_version\" value=\"6.0\" \/>\n<input type=\"hidden\" name=\"_wpcf7_locale\" value=\"it_IT\" \/>\n<input type=\"hidden\" name=\"_wpcf7_unit_tag\" value=\"wpcf7-f119-o1\" \/>\n<input type=\"hidden\" name=\"_wpcf7_container_post\" value=\"0\" \/>\n<input type=\"hidden\" name=\"_wpcf7_posted_data_hash\" value=\"\" \/>\n<input type=\"hidden\" name=\"_wpcf7_recaptcha_response\" value=\"\" \/>\n<\/div>\n<p><label> Il tuo nome (richiesto)<br \/>\n<span class=\"wpcf7-form-control-wrap\" data-name=\"your-name\"><input size=\"40\" maxlength=\"400\" class=\"wpcf7-form-control wpcf7-text wpcf7-validates-as-required\" aria-required=\"true\" aria-invalid=\"false\" value=\"\" type=\"text\" name=\"your-name\" \/><\/span> <\/label>\n<\/p>\n<p><label> La tua email (richiesto)<br \/>\n<span class=\"wpcf7-form-control-wrap\" data-name=\"your-email\"><input size=\"40\" maxlength=\"400\" class=\"wpcf7-form-control wpcf7-email wpcf7-validates-as-required wpcf7-text wpcf7-validates-as-email\" aria-required=\"true\" aria-invalid=\"false\" value=\"\" type=\"email\" name=\"your-email\" \/><\/span> <\/label>\n<\/p>\n<p><label> Oggetto<br \/>\n<span class=\"wpcf7-form-control-wrap\" data-name=\"your-subject\"><input size=\"40\" maxlength=\"400\" class=\"wpcf7-form-control wpcf7-text\" aria-invalid=\"false\" value=\"\" type=\"text\" name=\"your-subject\" \/><\/span> <\/label>\n<\/p>\n<p><label> Il tuo messaggio<br \/>\n<span class=\"wpcf7-form-control-wrap\" data-name=\"your-message\"><textarea cols=\"40\" rows=\"10\" maxlength=\"2000\" class=\"wpcf7-form-control wpcf7-textarea\" aria-invalid=\"false\" name=\"your-message\"><\/textarea><\/span> <\/label>\n<\/p>\n<p><input class=\"wpcf7-form-control wpcf7-submit has-spinner\" type=\"submit\" value=\"Invia\" \/>\n<\/p><div class=\"wpcf7-response-output\" aria-hidden=\"true\"><\/div>\n<\/form>\n<\/div>\n<\/div>\r\n<\/div> <\/div>\r\n<\/div> <\/div><\/div>","protected":false},"excerpt":{"rendered":"<p>Il B&amp;B Il Bed and Breakfast Le Agavi \u00e8 un luogo immerso nel promontorio del Grappa, circondato da un immenso bosco verde e un panorama mozzafiato. La zona \u00e8 particolarmente ricercata dagli appassionati del volo. Sorge ai pendii del Monte Grappa a ridosso della postazione di lancio del parapendio. Un luogo panoramico dal quale si&hellip; <br \/> <a class=\"read-more\" href=\"https:\/\/www.leagaviborso.com\/\">Leggi tutto<\/a><\/p>\n","protected":false},"author":1,"featured_media":0,"parent":0,"menu_order":0,"comment_status":"closed","ping_status":"closed","template":"page-templates\/homepage.php","meta":{"ngg_post_thumbnail":0,"footnotes":""},"class_list":["post-78","page","type-page","status-publish","hentry"],"aioseo_notices":[],"_links":{"self":[{"href":"https:\/\/www.leagaviborso.com\/index.php\/wp-json\/wp\/v2\/pages\/78","targetHints":{"allow":["GET"]}}],"collection":[{"href":"https:\/\/www.leagaviborso.com\/index.php\/wp-json\/wp\/v2\/pages"}],"about":[{"href":"https:\/\/www.leagaviborso.com\/index.php\/wp-json\/wp\/v2\/types\/page"}],"author":[{"embeddable":true,"href":"https:\/\/www.leagaviborso.com\/index.php\/wp-json\/wp\/v2\/users\/1"}],"replies":[{"embeddable":true,"href":"https:\/\/www.leagaviborso.com\/index.php\/wp-json\/wp\/v2\/comments?post=78"}],"version-history":[{"count":32,"href":"https:\/\/www.leagaviborso.com\/index.php\/wp-json\/wp\/v2\/pages\/78\/revisions"}],"predecessor-version":[{"id":497,"href":"https:\/\/www.leagaviborso.com\/index.php\/wp-json\/wp\/v2\/pages\/78\/revisions\/497"}],"wp:attachment":[{"href":"https:\/\/www.leagaviborso.com\/index.php\/wp-json\/wp\/v2\/media?parent=78"}],"curies":[{"name":"wp","href":"https:\/\/api.w.org\/{rel}","templated":true}]}}